30786)/60)/((-8)/(-20)))/((-1)/8)?
0
Let o(r) = 6*r**2 + 73*r + 292. What is the tens digit of o(-36)?
4
Suppose -5*f = -2*k, 5*f = 3*f + 4*k - 16. Suppose 0 = g + 4*i + 12, 0 = 4*g + f*i + i - 4. Suppose -g*b = -5*b + 34. What is the tens digit of b?
3
Let x = -149 + 104. Suppose 60 = -p + 4*w + 200, -3*p = w - 368. What is the units digit of (-9)/x - p/(-5)?
5
Suppose -335*q + 530412 = -70*q - 6031783. What is the thousands digit of q?
4
What is the thousands digit of (31996/(-152))/((-4)/80)?
4
Let d = -312 + 316. Suppose -4*i + 3*l = -64, -d*l + 2 = -2*i + 24. What is the units digit of i?
9
Suppose -2*o + 4*i = -66, 5*o + 0*i - 174 = i. Suppose o*z - 36 = 33*z. Suppose z*j + 136 = 22*j. What is the tens digit of j?
3
Let p = 2044 - 726. Suppose 4*k + p = 3*q, 9*q - 5*q - 3*k - 1769 = 0. What is the hundreds digit of q?
4
Let c(j) = -15*j**2 + 6*j + 2*j + 23*j**2 + j**3 + 7. Let i be c(-5). Suppose 0*p - 5*n - i = -p, 0 = p - n - 38. What is the tens digit of p?
3
Suppose 12*v - 76213 = 43151. What is the units digit of v?
7
Suppose p = -2*o + 5*p + 8, 0 = p - 3. Let i be (90/(-6))/(3/(-5)). Suppose -c + i = 2*y - 4*y, -5*y = -o. What is the tens digit of c?
2
Let r(g) = g + 23. Let f be r(-18). Suppose -f*x = -c + 883, 2073 = 3*c - 5*x - 586. What is the tens digit of c?
8
Let l(a) = -8*a + 65. Let c be l(8). Let v be 3 + c/5*5. Suppose -4*q + v*w + 356 = 0, -3*q - w + 202 = -73. What is the tens digit of q?
9
Suppose 4*o + 36 = -3*k, 4*k - 3*o + 43 = -5. Let d = k + 15. Suppose 2*y - 1 = -d, j = -4*y + 55. What is the tens digit of j?
5
Let s = -354 + 356. Suppose 1286 = u + s*d + 182, 0 = -4*u + 2*d + 4376. What is the tens digit of u?
9
Suppose 3*k + 0*l - 3*l = 120, 0 = -2*k - 2*l + 72. Suppose 40*x - 24 = k*x. Let z(m) = 8*m + 2. What is the tens digit of z(x)?
9
Let t = 72481 - 16278. What is the hundreds digit of t?
2
Let l(t) = 12 - 14 + t**3 - 14*t**2 - 7*t + 26 - 8*t. What is the units digit of l(15)?
4
Let m(t) = -4*t + 16. Let g(b) = -5. Let q(l) = -6. Let u(h) = 5*g(h) - 4*q(h). Let s(v) = -m(v) - 5*u(v). What is the tens digit of s(7)?
1
Let j = -339 + 345. Suppose -g + j*u = 10*u - 337, 4*g = -5*u + 1348. What is the hundreds digit of g?
3
Let y(f) = 35*f**3 + 6*f**2 + 11*f + 4. What is the units digit of y(5)?
4
Let v = -86297 - -159224. What is the units digit of v?
7
Let w(m) = m + 93. Let a be w(0). Suppose -3*r = 3*k + 60, 5*k + r + a = 3*r. Let d = 96 - k. What is the units digit of d?
5
Suppose 5*k - 3*h = 54, -4*k + 5*k = 2*h + 15. Let j(x) = 2*x - 8 - x + 31 + 2*x. What is the units digit of j(k)?
0
Let l be (-128)/6*3*6. Suppose z = 5*z + k + 28, 2*z = -k - 16. What is the units digit of z/(-4)*l/(-18)?
2
Let y(c) = -2*c**3 + 65*c**2 - 24*c - 72. Let h be y(32). Suppose h*t - 186*t = -1306. What is the units digit of t?
3
Let t = 57 + -52. Suppose -5*p = t + 5. What is the units digit of 3 - p/(12/33)*4?
5
Suppose n - 5*o - 70 = 6*n, -o = -4*n - 66. Let a be (8/n)/(1/(-78)). Let b = a + -24. What is the units digit of b?
5
Let h = -87 - -94. What is the units digit of h/(9/(-15) - (-88)/130)?
1
Suppose -5*g = -4*z + 143495, 2*z - 8*g + 3*g = 71755. Suppose 17*o + z = 51*o. What is the hundreds digit of o?
0
Let i = -640 + 1054. Suppose -5*m = -0*q - 5*q - 2110, -m + i = 3*q. Suppose 43 = -5*b + 2*c + m, -5*b = c - 374. What is the tens digit of b?
7
Let a = -5860 + 10073. What is the units digit of a?
3
Let v = 986 - 289. Let j = 1283 - v. What is the units digit of j?
6
Let p = 20962 + 14631. What is the units digit of p?
3
Let l = 13418 + -7756. What is the thousands digit of l?
5
Suppose -5*x = -2*c + 8, -5*x - c + 3 - 14 = 0. Let n be x/19 - 18/(-171). Suppose -3*p - 3*p + 366 = n. What is the tens digit of p?
6
Suppose 3*p - 4*x + 603 = 0, -3*p + p - 382 = 4*x. Let s = -159 - p. What is the tens digit of s?
3
Let v be ((-6)/12)/(2/20). Let l = -1182 + 1256. Let g = l - v. What is the tens digit of g?
7
Suppose 7*i = 12*i - 2*c + 4608, -i - 908 = 3*c. Suppose -1 = -h - 8. What is the units digit of 8/(-2) + (i/(-4) - h)?
3
Let q = -3220 - -5529. Suppose q = 13*d - 1994. What is the hundreds digit of d?
3
Suppose -2*u + 18 = -4*o, 5*o - 3*u = -8*u. What is the units digit of (0 - (-112 - o)) + 12/3?
3
Let q(u) = u**3 + 20*u**2 + 13. Let b be q(-20). Suppose -4632 - 2310 = -b*k. What is the units digit of k?
4
Suppose -f + 6*f + 2*a + 40 = 0, 2*a = 3*f + 40. Let i be 1720/50*f/(-4). Suppose 3*c = 4*c - i. What is the units digit of c?
6
Suppose -2*n = -13*n + 44. Let v be (-5 - 63/(-12)) + 3/n. What is the tens digit of v - (-16)/(4/(-1))*-7?
2
Let g be -1*2 - (-1 - 1). Let o(k) = 6*k + 67. Let a(r) = -14. Let h(c) = -5*a(c) - o(c). What is the units digit of h(g)?
3
Let i be ((-12)/9 + 0)/(16/(-264)). Suppose 7*z = -4*z + i. Suppose -2*d - 3*d = 5*k - 670, z*d - 258 = -4*k. What is the units digit of d?
9
Let i(m) = 3*m**2 + m. Let x(h) = -3*h + 16. Let v be x(7). Let f be i(v). Suppose 4*u - 53 = -j, -129 - f = -3*j - 4*u. What is the tens digit of j?
7
Let o = -62 + 53. Let q(u) = u**3 + 10*u**2 + 14. Let p be q(o). Let b = -67 + p. What is the tens digit of b?
2
Let s(a) = 157*a - 121. Let h(k) = -40*k + 30. Let d(n) = 9*h(n) + 2*s(n). What is the units digit of d(-12)?
0
Let c = 34222 + -17471. What is the ten thousands digit of c?
1
Suppose 3*v = -2*v + 5*j + 65, 53 = 3*v + 4*j. Suppose 0 = -v*f + 5290 - 385. Suppose 5*t - 5*p = 545, 0 = 2*t - 5*t - 2*p + f. What is the tens digit of t?
0
Let w(d) = -3*d - 21. Let v be w(-8). Suppose v*t = -6*t + 4*t. What is the tens digit of (9/24*4 + t)*118?
7
Suppose -5*r - 188 = 4*t, -2*r = 3*t + 143 - 2. Let s = t - -176. Suppose 0 = 2*u - s + 11. What is the tens digit of u?
5
Suppose 128883 + 87049 = 74*w. What is the tens digit of w?
1
Suppose -10442 + 994 = -4*f. What is the tens digit of f?
6
Let c be (23 - 13)*(-2 + (-12)/(-5)). Suppose 0 = -m - c*g + 40, -3*m + 2*g + g = -105. Suppose -m*o + 34*o + 294 = 0. What is the tens digit of o?
4
Let j(y) = -y**2 + 2*y. Let x be j(1). Let a be -2 - (4 + 50 + x). Let m = 102 + a. What is the units digit of m?
5
Suppose 30166 = 2*k - 4*a + 2*a, -120653 = -8*k - 3*a. What is the tens digit of k?
8
What is the thousands digit of (-1 - 12)/(((-5)/(-2260))/(-1))?
5
What is the hundreds digit of 7/28 - ((-70662)/8 + 0)?
8
Let i(y) = y**3 + 11*y**2 - 24*y + 26. Let v be i(-13). Suppose 6*f - 7*f + 550 = v. What is the units digit of f?
0
Let v be (-18)/(-12) - (-49)/14. Suppose 0 = -v*s + 4*a + 6091, s + 5*a - 1220 = 4*a. What is the hundreds digit of s?
2
Let a(f) = -4*f + 34. Let k be (-26)/(0 + (1 - 3)). Let u = -23 + k. What is the tens digit of a(u)?
7
Suppose 3*d + 2*a - 11850 = 0, 5*d + 297*a - 301*a = 19772. What is the tens digit of d?
5
Let g = 86 - 122. Let o = 60 + g. What is the units digit of (-6)/o - (-1626)/8?
3
Let w(l) = 5*l + 61. Let y be w(-15). What is the tens digit of (-725)/(-35) - y/49?
2
Let z(v) = 2*v**3 - 6*v**2 + 6*v + 1. Let i = 482 - 479. What is the tens digit of z(i)?
1
Suppose -2*f - 14 + 618 = 0. Let m = 624 - f. What is the hundreds digit of m?
3
Let m(z) be the first derivative of -9 + 4/3*z**3 - 2*z**2 + z**4 + 0*z. What is the units digit of m(4)?
4
Suppose 27*c + 16618 = 34*c. Let u = -1139 + c. What is the hundreds digit of u?
2
Let j(o) = -71*o - 211. Let w be j(-3). Let m = 33 - -7. Suppose -r = -3*a - 20, w*a = 2*r + 4 - m. What is the tens digit of r?
1
Let d = 19 - 36. Let r(p) = 29*p + 9. Let n(j) = -14*j - 2. Let x(o) = -2*n(o) - r(o). What is the tens digit of x(d)?
1
Suppose 60 = -84*y + 88*y. Suppose 4*b + 12*l - y*l = 1732, -b + 433 = -2*l. What is the tens digit of b?
3
Let y = -3428 + 7582. What is the units digit of y?
4
Suppose 3 - 23 = -4*r. Suppose 4*s = 0, 8*y - 5*y = -r*s + 75. What is the tens digit of (-5)/(-2)*(-30)/y - -91?
8
What is the units digit of 20360496/432 - 3/((-324)/(-8))*-3?
1
Suppose -91 + 92 = l, 2*c + 3*l - 9175 = 0. What is the tens digit of c?
8
Let z be (((-3112)/10)/1)/((-72)/180). Let j = 1396 - z. What is the hundreds digit of j?
6
Suppose 3*m = 7*m. Let h(o) = o**3 - o**2 - 5*o + 4. Let g be h(m). Suppose 5*x - g*b = 425, 0*b = -2*b. What is the units digit of x?
5
Let y = -356 - -302. What is the tens digit of 207*12/y*-15?
9
Let l(r) b